be p(2). Let v be 3/6*8 + y. What are the prime factors of (-3 - v - -3) + 13?
3
Suppose -3*l + 4*l + 74 = 0. Let f = -17 - l. List the prime factors of f.
3, 19
Suppose 0 = -i - 4*t + 154, -5*i - 4*t = -488 - 314. Suppose 0*p = 3*p - i. What are the prime factors of p?
2, 3
Suppose 4*s + u = 21 - 0, -5*s + 3*u = -22. Let w(a) = -3*a + 3*a + 7*a + 5*a - s. What are the prime factors of w(2)?
19
Suppose -3*s = -5*l - 191, 14 = 5*s + 2*l - 263. Suppose -5*f + s = -58. What are the prime factors of f?
23
Suppose 0*t = -5*t - 3*h + 15, -3*h + 15 = t. Let d be -7*(t + 3)*-1. Suppose -4*v - 2*x + 134 = 0, 3*v - 3*x + d = 126. What are the prime factors of v?
2, 17
Suppose -v = -4 + 2. Suppose 0 = v*r + 2*r. Suppose 3*o - 6*o + 99 = r. List the prime factors of o.
3, 11
Suppose -4*k + 808 = 4*y, -3*y - 4*k + 2*k = -602. Let f = y - 90. What are the prime factors of f?
2, 3
Let h(u) = u**3 + 8*u**2 + 6*u - 3. Suppose -28 = 4*p - 0*p. Let f be h(p). Suppose 72 = f*g + 2*q, 0*q + 4 = 2*q. What are the prime factors of g?
17
Suppose -831 - 641 = -16*u. What are the prime factors of u?
2, 23
Let f = -2913 - -4122. List the prime factors of f.
3, 13, 31
Suppose -2*x + 2*a + 5 = x, 9 = x + 3*a. Let f be (-76)/(-6)*x/2. Suppose 0 = 4*o - 83 + f. List the prime factors of o.
2
Suppose -3*f - 11*p - 28 = -12*p, -28 = 2*f - 3*p. What are the prime factors of (201 - -2) + 8 + f?
7, 29
List the prime factors of ((-3)/(-5) + -1)*(-979 - -4).
2, 3, 5, 13
Let y = -7 - -10. Suppose 2*q + 28 = 4*q - 5*f, 2*q + 2*f = 0. What are the prime factors of (-4)/q - -16 - y?
2, 3
Suppose 10*l = 42*l + 32. Let p(s) = s - 1. Let o be p(4). Let t = o + l. What are the prime factors of t?
2
Let c(q) = q**3 + 8*q**2 - 12*q - 11. Let y(z) = -8*z - 2. Let i be y(-3). Let f = i - 31. List the prime factors of c(f).
2
Suppose 0 = -4*q + 7*x - 3*x + 11152, 5*q - 13964 = -3*x. What are the prime factors of q?
2791
Let f = -15 + 32. Let o = f + 9. What are the prime factors of o?
2, 13
Let h = -3581 - -6937. What are the prime factors of h?
2, 839
Let y(u) = -56*u - 11. Let w(o) = o - 1. Let x(q) = -4*w(q) + y(q). List the prime factors of x(-3).
173
Let t = 646 - 378. List the prime factors of t.
2, 67
Let p = 56 + -24. Suppose -3*m + 2 + 7 = 0. Suppose -4*z + p = -m*z. List the prime factors of z.
2
Suppose -3*c + 6*u + 4 = 2*u, 0 = c + u - 6. Suppose 4*q - 3*f - 132 = 0, -q = 5*f + c - 14. List the prime factors of q.
2, 3, 5
Suppose -3*o + 108 = 4*w - 2542, 2*w + 10 = 0. What are the prime factors of o?
2, 5, 89
Let w(n) = 2*n + 53*n**2 + 4 - 7 + 4. Let x be w(-1). Suppose -4*h = -8*h + x. List the prime factors of h.
13
List the prime factors of (-277 - 0)*2*17/(-2).
17, 277
Let n(b) = 15*b**2 - 59*b - 3. List the prime factors of n(11).
1163
Let n(h) = -7*h**3 + 27*h**2 - 43*h - 7. Let m(o) = 4*o**3 - 14*o**2 + 21*o + 3. Let r(y) = -5*m(y) - 3*n(y). What are the prime factors of r(10)?
2, 73
List the prime factors of (11 + 0)*69272/154.
2, 1237
Let u be ((-672)/(-20))/((-3)/(-30)). Suppose 0 = 4*l + q - u, -l - q = 4*q - 103. What are the prime factors of l?
83
Let q be 6/(-4)*72/(-54). What are the prime factors of (-1)/2 - (-123)/q?
61
Let n(q) = q**3 - 9*q**2 - 10*q + 1. Let m = 7 + 3. Let a be n(m). List the prime factors of a + (-6 - -3 - -5).
3
Let r = 1 + 1. Suppose 0*c = c + 2*d - 11, 0 = 2*c - 4*d + r. Suppose -31 + 6 = -c*n. List the prime factors of n.
5
Let b(x) = -x**3 - 10*x**2 - 9*x + 4. Let s be b(-9). Suppose 4*g - 2*g - 4*q = 188, -4*q = -s*g + 384. List the prime factors of g.
2, 7
Let q be (-4)/(-6) - 80/(-6). Suppose 5*x = -3*f + 136, -2*f + 72 = 5*x - 62. Suppose -q = -4*p + x. What are the prime factors of p?
2, 5
Let s = 31 + -17. Let t be -1 + 1 + 1 - -2. Suppose h = t*h - s. List the prime factors of h.
7
Suppose 5*l - 20 = 20. Let f(k) = k**3 - 6*k**2 - 9*k + 3. What are the prime factors of f(l)?
59
Suppose -4*r = 4*r + r. Suppose 3*g = 4*w + 329, r = -g - w + 132 - 27. List the prime factors of g.
107
Suppose 499 = 8*p - 2629. What are the prime factors of p?
17, 23
Let z(x) = -30*x**3 + x**2 - x. Let w be z(1). List the prime factors of 4/6 + (-2110)/w.
71
Let s be (-18)/(-4)*(-32)/12. Let m be 1/((-4 - -1)/s). Suppose -3*u - a + 64 = 0, m*a + 15 + 65 = 4*u. List the prime factors of u.
3, 7
Suppose -14 = -2*a - 0. Suppose z + a = 4*x, -x - 4*z + 4 + 2 = 0. Suppose -2*m - x*m = 4*k - 40, -3*m + 38 = -k. What are the prime factors of m?
2, 3
Let l = 431 - -13. Let c = l - 290. What are the prime factors of c?
2, 7, 11
Suppose 0 = 4*s + 15 - 119. Let a = s - -125. What are the prime factors of a?
151
Suppose 0*h - 6 = -3*h. Suppose s - h*s = -o + 5, 4*s - 34 = -5*o. Suppose -136 = -o*r + 98. What are the prime factors of r?
3, 13
Let r be -4 + (-6 - (-7 - -4)). Let m = 11 + r. Suppose m*g - g + 5*p = 71, p = 2*g - 56. What are the prime factors of g?
3
Suppose 4*f - 5 = -69. Let r = 23 + f. Suppose r = -5*q - 5*h + 212, 0 = -4*q - 3*h + 164. List the prime factors of q.
41
Let h be ((-7)/(140/16))/(4/(-5130)). What are the prime factors of (h/3)/(1*2)?
3, 19
Let y(o) = 6*o**2 + 2*o + 1. Let h be y(2). Suppose 4 = 11*w - 128. Suppose -h = -m + w. What are the prime factors of m?
41
Let m be 2/(4/(-6)) - 1190/(-17). Suppose -m - 67 = -2*k. What are the prime factors of k?
67
Suppose -22*g - 5604 = -5*m - 20*g, -g = 2*m - 2247. What are the prime factors of m?
2, 3, 11, 17
Let r = -21 + 25. Suppose r - 1 = -3*u. List the prime factors of 1 + (u - -2) + 28.
2, 3, 5
Suppose 0*p + 186 = 3*p. List the prime factors of 0 + p + -1*10/5.
2, 3, 5
Let a be (-24 + 28)/((-2)/(-4)). Suppose a*y - 66 = 2*y. List the prime factors of y.
11
Suppose -5*j + 0*j + 10 = 0. List the prime factors of j*50/(-35)*-14.
2, 5
Suppose 5*c + 4 = 4*i - 6, -5*i = -c - 23. Suppose 2*x + 6*h - 146 = 2*h, -5*x + 377 = -c*h. Let y = 124 - x. What are the prime factors of y?
7
Let g = -13 - -31. Let k be g/153 + (-444)/17. Let m = 75 + k. What are the prime factors of m?
7
Let n = 934 + -916. List the prime factors of n.
2, 3
Let r(o) = 2*o**2 - 3. Let z be -32 + -1*(-3 + 1). Let m be 1/(3 + 95/z). What are the prime factors of r(m)?
3, 23
Let u = 4 + 119. Let v = u - 71. What are the prime factors of v?
2, 13
Let r be 1/2*(-1 + 1). Let c(d) = 2*d - 2. Let s be c(7). Suppose -3*b - 12 = -2*a + s, r = -4*a - b + 48. What are the prime factors of a?
2, 3
Let y = -11 + 2. Let x be ((-6)/y)/((-3)/126). List the prime factors of (18/(-4))/(3/x).
2, 3, 7
Let l = 23 - 14. Let b = l - 4. Suppose b*a - 13 = 17. List the prime factors of a.
2, 3
Suppose -9216 - 3294 = -15*c. List the prime factors of c.
2, 3, 139
Suppose -4*m = -5*b - 497, -2*m = b + m + 107. Let j = -21 - b. List the prime factors of j.
2, 5
Let p(r) = -r**3 - 5*r**2 - 4*r - 7. Let y be p(-5). Suppose 0 = -3*f - y + 1. Let h(a) = 2*a**2 + a - 3. What are the prime factors of h(f)?
5
Suppose 6*h - 1675 = h + 5*r, 3*r - 665 = -2*h. What are the prime factors of h?
2, 167
Let b(s) = -s**3 - 12*s**2 + 5. Let t be b(-12). Suppose 45 = -t*g + 8*g. List the prime factors of g.
3, 5
Let k = -414 + 158. Let d = 436 + k. What are the prime factors of d?
2, 3, 5
Suppose 3*i - 1726 = -4*j + 261, -5*i + 5*j + 3370 = 0. List the prime factors of i.
3, 223
Let o(d) be the second derivative of -d**3/6 + 4*d**2 + 2*d. Let s be o(6). Suppose s*c - 29 = c. What are the prime factors of c?
29
Suppose -15 + 9 = -2*j. Let t(p) = -5*p + j - 6 - 5. What are the prime factors of t(-4)?
2, 3
Suppose 2*r + 32 = 30. List the prime factors of ((-49)/4)/(r*(-1)/(-4)).
7
Suppose -92*o + 90*o = -3698. List the prime factors of o.
43
Let g(d) = -d + d**3 - 3 + 9 - 2 + d**2. Let j be g(0). Suppose h + f = 13, -j*f - 45 = -4*h - f. What are the prime factors of h?
2, 3
Suppose 0 = 9*f + 8*f - 7769. What are the prime factors of f?
457
Suppose 0 = -k - 4*o + 985, -52*k = -56*k - 4*o + 4000. List the prime factors of k.
3, 5, 67
Let a(x) = 2*x**2 - 49*x + 60. Suppose 0 = 4*c - t - 105, -2*t + 4 - 32 = -c. What are the prime factors of a(c)?
2, 3, 23
Suppose 2*t + 3066 + 4904 = 5*j, 3*j + t = 4771. What are the prime factors of j?
2, 199
Let d(l) = 2*l**2 - 11*l - 1. Let y be d(6). Suppose -5*g - n = -602, -2*g + 0*n = -y*n - 257. What are the prime factors of g?
11
